2?
38
What is the remainder when 15 is divided by 7?
1
Calculate the remainder when 265 is divided by 79.
28
What is the remainder when 6793 is divided by 9?
7
What is the remainder when 127 is divided by 83?
44
Calculate the remainder when 119 is divided by 30.
29
Calculate the remainder when 512 is divided by 33.
17
Calculate the remainder when 3365 is divided by 33.
32
Calculate the remainder when 4606 is divided by 192.
190
What is the remainder when 62 is divided by 21?
20
Calculate the remainder when 345 is divided by 114.
3
Calculate the remainder when 869 is divided by 145.
144
What is the remainder when 326 is divided by 314?
12
What is the remainder when 223 is divided by 16?
15
Calculate the remainder when 107 is divided by 91.
16
Calculate the remainder when 134 is divided by 9.
8
What is the remainder when 350 is divided by 160?
30
Calculate the remainder when 1139 is divided by 35.
19
Calculate the remainder when 375 is divided by 52.
11
Calculate the remainder when 120 is divided by 54.
12
Calculate the remainder when 106 is divided by 19.
11
Calculate the remainder when 10088 is divided by 116.
112
Calculate the remainder when 115 is divided by 23.
0
Calculate the remainder when 259 is divided by 135.
124
What is the remainder when 277 is divided by 5?
2
What is the remainder when 556 is divided by 20?
16
Calculate the remainder when 69 is divided by 29.
11
What is the remainder when 492 is divided by 235?
22
Calculate the remainder when 109 is divided by 27.
1
Calculate the remainder when 44 is divided by 25.
19
What is the remainder when 40 is divided by 32?
8
What is the remainder when 53 is divided by 7?
4
Calculate the remainder when 778 is divided by 13.
11
What is the remainder when 357 is divided by 3?
0
What is the remainder when 25 is divided by 3?
1
What is the remainder when 67 is divided by 10?
7
What is the remainder when 100 is divided by 6?
4
Calculate the remainder when 454 is divided by 89.
9
Calculate the remainder when 2311 is divided by 26.
23
Calculate the remainder when 8300 is divided by 14.
12
What is the remainder when 85 is divided by 44?
41
Calculate the remainder when 221 is divided by 32.
29
What is the remainder when 1740 is divided by 30?
0
What is the remainder when 263 is divided by 127?
9
What is the remainder when 3538 is divided by 30?
28
What is the remainder when 255 is divided by 86?
83
Calculate the remainder when 73 is divided by 25.
23
Calculate the remainder when 285 is divided by 98.
89
Calculate the remainder when 210 is divided by 58.
36
What is the remainder when 235 is divided by 45?
10
What is the remainder when 1238 is divided by 31?
29
Calculate the remainder when 196 is divided by 25.
21
Calculate the remainder when 104 is divided by 41.
22
Calculate the remainder when 796 is divided by 19.
17
What is the remainder when 16590 is divided by 244?
242
What is the remainder when 102 is divided by 40?
22
What is the remainder when 554 is divided by 216?
122
What is the remainder when 325 is divided by 118?
89
What is the remainder when 623 is divided by 169?
116
What is the remainder when 546 is divided by 2?
0
Calculate the remainder when 538 is divided by 108.
106
What is the remainder when 1506 is divided by 475?
81
Calculate the remainder when 78 is divided by 34.
10
What is the remainder when 2720 is divided by 903?
11
What is the remainder when 103 is divided by 33?
4
Calculate the remainder when 4532 is divided by 14.
10
Calculate the remainder when 245 is divided by 72.
29
What is the remainder when 48 is divided by 4?
0
What is the remainder when 569 is divided by 26?
23
Calculate the remainder when 272 is divided by 5.
2
What is the remainder when 620 is divided by 317?
303
Calculate the remainder when 203 is divided by 54.
41
Calculate the remainder when 8185 is divided by 195.
190
What is the remainder when 50 is divided by 36?
14
What is the remainder when 1983 is divided by 23?
5
What is the remainder when 49 is divided by 25?
24
Calculate the remainder when 628 is divided by 29.
19
What is the remainder when 377 is divided by 124?
5
What is the remainder when 21 is divided by 6?
3
Calculate the remainder when 75 is divided by 28.
19
What is the remainder when 1057 is divided by 107?
94
Calculate the remainder when 984 is divided by 47.
44
What is the remainder when 254 is divided by 52?
46
What is the remainder when 639 is divided by 8?
7
What is the remainder when 87 is divided by 25?
12
Calculate the remainder when 8617 is divided by 22.
15
Calculate the remainder when 1154 is divided by 229.
9
What is the remainder when 810 is divided by 14?
12
What is the remainder when 192 is divided by 65?
62
Calculate the remainder when 22061 is divided by 14.
11
What is the remainder when 24 is divided by 8?
0
Calculate the remainder when 377 is divided by 76.
73
What is the remainder when 15786 is divided by 5?
1
Calculate the remainder when 2051 is divided by 26.
23
What is the remainder when 377 is divided by 40?
17
Calculate the remainder when 216 is divided by 69.
9
Calculate the remainder when 3078 is divided by 79.
76
Calculate the remainder when 48 is divided by 17.
14
Calculate the remainder when 384 is divided by 50.
34
Calculate the remainder when 132 is divided by 19.
18
What is the remainder when 8608 is divided by 105?
103
Calculate the remainder when 8261 is divided by 57.
53
What is the remainder when 234 is divided by 31?
17
What is the remainder when 231 is divided by 58?
57
What is the remainder when 319 is divided by 19?
15
Calculate the remainder when 633 is divided by 201.
30
Calculate the remainder when 1760 is divided by 580.
20
Calculate the remainder when 300 is divided by 62.
52
Calculate the remainder when 1744 is divided by 9.
7
What is the remainder when 52 is divided by 36?
16
Calculate the remainder when 4598 is divided by 78.
74
Calculate the remainder when 716 is divided by 72.
68
Calculate the remainder when 477 is divided by 58.
13
What is the remainder when 171 is divided by 80?
11
What is the remainder when 384 is divided by 35?
34
What is the remainder when 5014 is divided by 13?
9
What is the remainder when 414 is divided by 32?
30
Calculate the remainder when 690 is divided by 173.
171
Calculate the remainder when 145 is divided by 29.
0
Calculate the remainder when 1221 is divided by 153.
150
Calculate the remainder when 164 is divided by 59.
46
What is the remainder when 779 is divided by 49?
44
What is the remainder when 512 is divided by 4?
0
Calculate the remainder when 54 is divided by 21.
12
Calculate the remainder when 3017 is divided by 108.
101
Calculate the remainder when 524 is divided by 21.
20
What is the remainder when 247 is divided by 86?
75
Calculate the remainder when 977 is divided by 30.
17
What is the remainder when 180 is divided by 55?
15
Calculate the remainder when 4247 is divided by 38.
29
Calculate the remainder when 415 is divided by 153.
109
Calculate the remainder when 69 is divided by 66.
3
What is the remainder when 1405 is divided by 176?
173
Calculate the remainder when 2761 is divided by 79.
75
What is the remainder when 4092 is divided by 216?
204
What is the remainder when 184 is divided by 95?
89
Calculate the remainder when 2491 is divided by 75.
16
What is the remainder when 1224 is divided by 152?
8
What is the remainder when 271 is divided by 20?
11
Calculate the remainder when 5266 is divided by 12.
10
What is the remainder when 224 is divided by 38?
34
What is the remainder when 1070 is divided by 4?
2
Calculate the remainder when 335 is divided by 7.
6
What is the remainder when 293 is divided by 181?
112
What is the remainder when 574 is divided by 54?
34
Calculate the remainder when 2276 is divided by 159.
50
Calculate the remainder when 2798 is divided by 4.
2
What is the remainder when 2577 is divided by 527?
469
Calculate the remainder when 10 is divided by 2.
0
Calculate the remainder when 2769 is divided by 33.
30
Calculate the remainder when 208 is divided by 61.
25
Calculate the remainder when 541 is divided by 297.
244
What is the remainder when 76 is divided by 26?
24
Calculate the remainder when 5686 is divided by 12.
10
What is the remainder when 925 is divided by 62?
57
